 is the greatest common factor of 127976 and 4981?
17
Calculate the highest common divisor of 41085 and 25425888.
249
What is the highest common factor of 22 and 1287681747?
11
What is the greatest common factor of 321065650 and 1850?
1850
What is the highest common divisor of 12005550 and 8100?
1350
Calculate the highest common factor of 5680 and 69706096.
1136
What is the highest common divisor of 11475 and 77147700?
1275
What is the greatest common factor of 16711432 and 64?
8
What is the highest common divisor of 3228 and 65697332?
1076
Calculate the greatest common factor of 176593986 and 450.
18
What is the greatest common divisor of 2429 and 214750319?
2429
What is the highest common factor of 57905 and 25493?
37
What is the highest common divisor of 3015 and 5629608?
603
Calculate the highest common factor of 26754085 and 93.
31
What is the greatest common factor of 103082028 and 504?
84
Calculate the greatest common factor of 7072 and 185419.
221
Calculate the greatest common divisor of 2706 and 139450102.
902
Calculate the greatest common divisor of 10833601 and 6541.
31
What is the highest common factor of 394709 and 31391591?
3493
Calculate the highest common divisor of 46257 and 296589.
2721
Calculate the greatest common divisor of 3040049 and 8.
1
Calculate the greatest common divisor of 629 and 8111917.
37
Calculate the highest common divisor of 239 and 2729552797.
239
What is the highest common divisor of 456 and 1951167?
57
Calculate the greatest common factor of 9777 and 294590787.
9777
What is the greatest common factor of 257315699 and 596?
149
What is the greatest common factor of 2 and 37714396?
2
Calculate the greatest common factor of 65185035 and 120.
15
Calculate the greatest common factor of 18166 and 626138.
62
Calculate the greatest common divisor of 162285520 and 180.
20
Calculate the greatest common divisor of 6484647 and 78.
39
What is the highest common divisor of 51828 and 130872?
84
What is the highest common factor of 65556870 and 555?
15
What is the greatest common divisor of 45724 and 18927251?
497
What is the highest common factor of 2512037 and 3091?
11
Calculate the greatest common divisor of 27 and 21503943.
9
What is the greatest common factor of 20135 and 21295?
5
Calculate the highest common divisor of 2713 and 99249679.
2713
Calculate the greatest common divisor of 941 and 139796.
1
What is the highest common divisor of 44674236 and 229?
229
Calculate the highest common divisor of 10797 and 1543617.
177
What is the greatest common divisor of 11669563 and 401662?
4273
Calculate the greatest common divisor of 6040 and 16070.
10
Calculate the highest common factor of 11884800 and 6360.
120
What is the highest common factor of 324 and 95498460?
108
Calculate the greatest common divisor of 199183260 and 345.
15
What is the highest common factor of 8370411 and 21?
21
What is the greatest common factor of 392238 and 613998?
1386
Calculate the highest common factor of 155479342 and 73.
73
What is the highest common divisor of 135325 and 35275?
25
What is the greatest common factor of 1393 and 367059281?
199
What is the highest common factor of 548 and 153241487?
137
Calculate the highest common factor of 4997664 and 672.
672
What is the greatest common factor of 243 and 312985701?
243
What is the greatest common factor of 463984 and 10904?
376
Calculate the greatest common factor of 160 and 1069135.
5
Calculate the highest common divisor of 2592995 and 3565.
155
Calculate the greatest common factor of 297704 and 511632.
1496
What is the highest common factor of 102 and 3242087?
17
What is the highest common factor of 12308675 and 1425?
475
What is the highest common factor of 1032 and 26617?
43
Calculate the greatest common factor of 595287642 and 291.
291
What is the greatest common divisor of 271586 and 17974?
38
Calculate the greatest common divisor of 4687 and 1371002.
109
Calculate the highest common divisor of 2292 and 197901212.
764
What is the greatest common factor of 690797618 and 1904?
238
Calculate the greatest common divisor of 75080200 and 2010.
670
What is the greatest common divisor of 41 and 221866744?
41
Calculate the highest common factor of 290432 and 1056.
32
What is the highest common factor of 386 and 6928?
2
What is the greatest common divisor of 227689 and 8939?
7
Calculate the greatest common divisor of 2343 and 9637.
1
What is the highest common factor of 1540701 and 414?
207
What is the highest common factor of 44055 and 3255120?
495
What is the greatest common factor of 915 and 29553585?
915
Calculate the highest common divisor of 31919178 and 19632.
2454
Calculate the highest common factor of 163489 and 94813.
59
Calculate the highest common factor of 5040 and 10772930.
70
What is the highest common factor of 103306 and 2219?
7
What is the greatest common factor of 1183648 and 2726?
94
What is the greatest common divisor of 36551868 and 48?
12
What is the greatest common factor of 39953 and 1355?
1
Calculate the highest common factor of 2511 and 942090.
93
What is the greatest common divisor of 230 and 1827640?
10
What is the highest common divisor of 4432600 and 6589?
599
Calculate the greatest common divisor of 60665605 and 31.
31
Calculate the highest common factor of 10957158 and 329508.
2034
Calculate the highest common factor of 41 and 3727679.
41
Calculate the greatest common divisor of 104 and 2155738.
26
What is the greatest common divisor of 126249354 and 698?
698
What is the greatest common divisor of 5840 and 57560?
40
What is the highest common divisor of 533 and 28719311?
41
Calculate the greatest common divisor of 68 and 52336166.
34
What is the highest common divisor of 32892432 and 31312?
1648
What is the greatest common factor of 438240 and 9504?
1056
What is the highest common factor of 1791190 and 960?
10
What is the highest common factor of 134 and 185553217?
67
Calculate the greatest common divisor of 47868638 and 76.
38
Calculate the highest common factor of 301848398 and 606.
202
What is the highest common divisor of 20516 and 255112?
892
What is the highest common divisor of 10761 and 249863246?
3587
What is the highest common divisor of 1106277 and 69?
69
What is the greatest common factor of 68 and 724827419?
17
What is the greatest common factor of 10298608 and 1064?
152
What is the greatest common divisor of 1717396975 and 3847?
3847
Calculate the highest common factor of 27369108 and 780.
156
What is the greatest common divisor of 2573754 and 49561?
1709
Calculate the greatest common factor of 19895 and 538203.
173
Calculate the greatest common divisor of 1648 and 10676362.
206
Calculate the greatest common divisor of 1460 and 12608195.
365
What is the greatest common divisor of 2833 and 4045524?
2833
What is the highest common factor of 144270 and 53424?
126
What is the greatest common factor of 55637806 and 42?
14
Calculate the greatest common divisor of 1318769485 and 519.
173
What is the highest common divisor of 2622149 and 660821?
1409
What is the greatest common divisor of 52 and 1470820?
52
Calculate the greatest common factor of 12 and 6328932.
12
Calculate the highest common factor of 9421278 and 58767.
3093
Calculate the highest common divisor of 160 and 92601856.
32
Calculate the greatest common factor of 24858 and 101723079.
4143
Calculate the greatest common divisor of 3087 and 99461082.
1029
What is the greatest common divisor of 65 and 300287?
13
Calculate the greatest common divisor of 2154112 and 120.
8
What is the highest common factor of 26470356 and 198?
66
What is the highest common divisor of 1716290682 and 46?
46
Calculate the greatest common divisor of 7758344 and 12114.
1346
Calculate the greatest common factor of 11059800 and 600.
600
Calculate the greatest common divisor of 25185 and 47068575.
1095
What is the highest common divisor of 4545 and 62955?
45
Calculate the greatest common divisor of 152830986 and 7888.
986
What is the highest common divisor of 184183824 and 528?
528
What is the highest common divisor of 264 and 7954617?
33
Calculate the greatest common factor of 528 and 4559676.
132
What is the highest common factor of 104333 and 118795?
1033
Calculate the greatest common divisor of 9460 and 10009626.
9